k, -5*k + 3*t = n*t. Determine h(k).
1
Let t be -2*(0/(-1) - -2). Let x(d) be the third derivative of d**5/60 + 5*d**4/24 - 29*d**2. Calculate x(t).
-4
Let i(z) = 6*z**3 + z**2 + 2*z. Let p(w) = -5*w**3 - w - 1. Let o(r) = 6*i(r) + 7*p(r). Calculate o(-5).
-7
Suppose 2*s = 4*s + 24. Let k = s + 6. Let q(w) = w. Let t(a) = -7*a + 1. Let b(u) = 6*q(u) + t(u). Determine b(k).
7
Let t(y) = -7 + y**3 - 1 + 4*y - 3*y - y**2 - 2. Calculate t(0).
-10
Let k(m) be the third derivative of m**7/630 - m**6/180 + m**5/40 - m**4/24 - 4*m**2. Let n(a) be the second derivative of k(a). Calculate n(2).
11
Suppose -m = 4*m. Let b(k) = 9 - 4 + m*k + k. Determine b(-5).
0
Let k = -15 - -20. Let w(p) = p - 1. Let v(u) = u**2 - 7*u + 1. Let j(c) = v(c) + w(c). What is j(k)?
-5
Let s(o) = o - 1. Suppose 0 = 3*y - 6*y + 3. Let c be s(y). Let q = c + -3. Let d(l) = -l**2 - 4*l - 4. Determine d(q).
-1
Suppose -5*j + 1 + 19 = 0. Let x(d) be the first derivative of -2*d**2 + 5*d + 1. Determine x(j).
-11
Let j(w) = 2*w**3 - 3*w**2 + 2*w. Suppose -h + 0 = -2. Calculate j(h).
8
Let l be 14/63 + (-22)/18. Let p(g) = -2*g**2 + 2*g + 1. Calculate p(l).
-3
Suppose -2*h + 16 = 2*h. Let a(l) = l**3 + h - 4*l**3 + 4*l**3. Calculate a(0).
4
Suppose 0*g - g + 49 = 0. Let k be 24/(-14) + (-14)/g. Let l(p) = -p**3 - 3*p**2 - 2. Calculate l(k).
-6
Let y be 6/(-33) - (-248)/(-88). Let f(a) = -3*a - 3*a**2 + 2*a**3 + 3*a - 3*a**3 - 4*a. What is f(y)?
12
Let n(k) be the first derivative of -k**4/4 - 7*k**3/3 + k**2/2 + 6*k - 1. Give n(-7).
-1
Let s(i) be the third derivative of i**5/60 + 5*i**4/24 - i**3 - 6*i**2. Calculate s(-6).
0
Let j be 12/(-8) + 23/2. Let z be 2/(1 + j/(-6)). Let o(d) = -2*d - 4. Determine o(z).
2
Let g(k) = 6*k - 2*k + k. What is g(2)?
10
Suppose u - 3*v + 5 = 0, 3*v + 3 = 4*v. Let c = 3 + -1. Let k(s) = 4*s + 0*s - 4*s**2 + 3*s**c + 2. Calculate k(u).
2
Let d(x) = -x**3 - 2. Let g be d(-3). Suppose o = -y + 7, -5*o - 3*y + 0*y + g = 0. Let a(n) = -2*n**2 + 0*n + 2*n**2 - n**2 + 2*n + 1. Give a(o).
1
Let q(a) = -a**3 + 5*a**2 + 7*a - 7. Let z be q(6). Let m be (0 - 1)*(3 - 3). Let i(s) = m*s + 2*s**2 + 1 + 0*s + 2*s**2 + s. Give i(z).
4
Let m be 3/18 + 70/12. Suppose 0*a - m = -a. Let b(r) = -r + 5. Determine b(a).
-1
Let z(k) = -8*k**2 + k + 1. Let g(y) = -y**2. Let m(u) = 6*g(u) - z(u). Suppose 0*i - 5*i + 20 = 0. Suppose -n = 1, -i*r + 3*n - 2 = -1. What is m(r)?
2
Let a = 2 - 0. Suppose 120 = 4*x + 4*q, 0*x - 3*q = -x + 30. Let y(j) = 33*j - x*j - 2 - 3*j**2 + 0*j**2. Give y(a).
-8
Let o(l) = -4*l**2 - 4*l - 8. Let a(v) = -7*v**2 - 9*v - 15. Let t(z) = -3*a(z) + 5*o(z). Suppose -2*g + x - 8 - 6 = 0, -12 = -3*x. Determine t(g).
-5
Let m(i) = -i**2 - i. Let g(w) = -5*w**3 - 14*w**2 + 19*w + 4. Let x(c) = -2*c**3 - 7*c**2 + 9*c + 2. Let p(y) = -3*g(y) + 7*x(y). Let o be p(6). What is m(o)?
-6
Let n(o) = o**3 - 5*o**2 - 7*o - 1. Let y(k) = 6*k**2. Let w be y(1). Let h be n(w). Let f = 10 + h. Let j(v) = 2*v + 2. Give j(f).
8
Let s be 3*((-2 - -6) + -3). Let q(z) = -z**s + 23*z - 23*z + 0*z**3 - z**2. Calculate q(-2).
4
Suppose 26 = 3*p - 2*m, 3*m = 3*p - 31 + 4. Suppose p = 3*t - t. Let w(q) be the first derivative of q**3/3 - q**2 - 3*q + 1. Give w(t).
5
Let a(y) = 9 + 0*y**3 + 2*y**3 - y**2 - 3*y**3. Let g(z) = -z**3 - 2*z**2 - z + 8. Let f(i) = 4*a(i) - 5*g(i). What is f(-5)?
-4
Let r(l) = 5*l + 3. Let i(q) = 6*q + 4. Let s(m) = -4*i(m) + 5*r(m). Suppose 0*g = g. Suppose g - 8 = 2*n. Give s(n).
-5
Let w(h) be the first derivative of -1/3*h**3 - 4*h + 3 - 2*h**2. Let k(b) = b + 3. Let x be k(-6). Calculate w(x).
-1
Let n = -17 + 19. Let k(d) = 4*d**2 + 3*d**3 - 8*d**3 + d**2 - 4*d**n. Let c = -3 - -2. Calculate k(c).
6
Let g = -1 + 1. Suppose l + 2 - 11 = g. Suppose 0 = -0*h + 2*h - 5*o + 33, 4*h + 5*o = l. Let w(j) = j**2 + 2*j + 1. Give w(h).
9
Suppose 45 = 2*f + 3*f. Suppose f = 6*v - 3*v. Let a(b) be the second derivative of b**4/12 - 3*b**2/2 + 2*b. Determine a(v).
6
Let u(n) = -6*n - 2 + 8*n**2 - 7*n**2 + 0*n**2. What is u(6)?
-2
Let m(o) be the third derivative of -o**6/30 + o**4/24 + 3*o**2. What is m(-1)?
3
Suppose 22 = 3*x - x + 5*o, 2*x = 3*o + 6. Let n(p) = -x*p**2 - 1 - p - p**2 + p + 2*p. Suppose 2*r - 3*h + 3 = 20, 0 = -2*r + 5*h + 27. Determine n(r).
-6
Let b(a) = a**3 + 12*a**2 - a - 10. Suppose -10*n + 12*n + 24 = 0. What is b(n)?
2
Let f(a) = 5*a**3 + 1. Suppose 10*v - 5*v = 25. Suppose 0*o = v*o + 5. Calculate f(o).
-4
Let k(z) = -z**3 - 9*z**2 - 2*z - 9. Let m be k(-9). Suppose 4*c = c - m. Let y(w) = 3*w. Let p(v) = v**2 - v. Let x(t) = -p(t) - y(t). Calculate x(c).
-3
Let f = 4 - 3. Let a(m) be the second derivative of -7*m**3/6 - m**2/2 - 3*m. Calculate a(f).
-8
Let w(m) = 1. Let k(r) = 2*r**2 - 4*r + 3. Let x(n) = -k(n) + 3*w(n). Determine x(3).
-6
Suppose 0 = o - 3*x + 18, x = -o - 0*x - 2. Let w(b) = b**3 + 7*b**2 + 5*b - 8. What is w(o)?
-2
Let t(n) = 2*n - 17. Let r be t(8). Let k(x) = 7*x**2 - x - 1. Determine k(r).
7
Let w(t) = t**3 + 13*t**2 - t - 6. Let v be w(-13). Let p(o) = o**2 - 5*o - 6. Determine p(v).
8
Let o(z) = z + 3. Let i(r) = 8*r + 22. Let v(f) = 6*i(f) - 44*o(f). Determine v(1).
4
Let j = -9 - -6. Let n = j - -7. Suppose n*a + 4 = -5*u + 2, 0 = -5*u - 10. Let m(x) = x**2 - 1. Determine m(a).
3
Let q(d) = 2*d + 1. Suppose 4*c - 5*c - 3 = 0. Calculate q(c).
-5
Let i(r) = -r**3 - 2*r**2 + 3*r. Let l = -4 - -6. What is i(l)?
-10
Let d(t) be the second derivative of t**5/20 + 2*t**4/3 - 11*t**3/6 - 5*t**2 - 23*t. Calculate d(-9).
8
Let w(h) = 17 - 24 + h + 9. Calculate w(2).
4
Let o(f) = f**2 - 5*f + 7. Let m be o(3). Let q(n) = n + 0 - 1 + 0*n - 7*n**3. Calculate q(m).
-7
Let r(d) = d**2 + 4 - 2*d**2 + 0*d**2. Suppose 0*s = -3*s + 27. Let m be 50/(-18) + (-2)/s. Give r(m).
-5
Let x be (-1)/(2/(-4)) + -4. Let d be 2/(1/(x/(-2))). Let w(m) = m - 1. Calculate w(d).
1
Let o(b) = b**2. Let a(g) = 4*g**2 - g. Let d(q) = -a(q) + 5*o(q). Determine d(3).
12
Let s(f) = 471*f + 474*f - 946*f. Let d = -6 - 0. Give s(d).
6
Let d(p) = p**3 - 7 + p**3 - p**3. Let x be (4 - (-4 - -4)) + -4. What is d(x)?
-7
Let a = 5 + -2. Let k(x) be the second derivative of -x**2 + 2*x + 2*x - 3*x**3 + 4*x**a. Give k(2).
10
Let y(m) = 1 - 1 + m - 3 - 2*m. Suppose -7*f + 33 - 12 = 0. What is y(f)?
-6
Let j(d) = d**3 + 6*d**2 + d + 4. Let k(v) = -v - 11. Let l be k(-5). Give j(l).
-2
Let k(b) = -2*b**3 + b**2 - b + 1. Suppose 0 = 5*p + s + 2, 5*p - s + 6 = -4*s. Suppose -2 = -2*n - p*n. Let j(o) = 2*o - 1. Let x be j(n). What is k(x)?
-1
Let a(s) = s - 4. Let t(b) = -b + 4. Let g(o) = 5*a(o) + 4*t(o). Let z(l) = l**3 - l**2 - 3*l - 2. Let i be z(3). Calculate g(i).
3
Let v(f) be the first derivative of f**3/3 - f**2/2 + 3*f - 17. What is v(3)?
9
Let a(u) be the third derivative of -u**4/8 - 5*u**3/6 - 24*u**2. Determine a(-6).
13
Suppose k = 6*k - 80. Suppose -w - k = -5*w. Let a(p) = -4*p**3 - 2*p**2 - 19*p. Let b(g) = g**3 + g**2 + 6*g. Let m(o) = 2*a(o) + 7*b(o). Determine m(w).
0
Let g be (-54)/(-9)*(-2)/4. Let j be ((-2)/4)/(g/24). Let n(p) = -p**2 + 4*p - 2. Determine n(j).
-2
Let t be (3 - 0/2)/1. Suppose 3*c - t*g - 15 = 0, c + 0 + 1 = -g. Let k(y) = -3 + 2*y + c - 9*y**2 + 8*y**2. Determine k(2).
-1
Let o = 0 + 0. Let y(m) = -4*m - 1. Let t(r) = -5*r - 1. Let w(p) = -5*t(p) + 6*y(p). Give w(o).
-1
Let m(v) be the second derivative of 4*v**3/3 - v**2/2 + 19*v. Give m(-2).
-17
Let m(f) = f**2 - 5*f - 4. Let p be m(5). Let y(w) = 1. Let u(l) = -2*l + 3. Let g(q) = u(q) - 6*y(q). What is g(p)?
5
Let q(g) = -g - 4. Let h be 3/6 - (-18)/4. Give q(h).
-9
Let p = -86 + 86. Let b(d) = -d**2 - d - 2. What is b(p)?
-2
Let q(t) = 1. Let p = 5 + -7. Let b(s) = 7*s - 1. Let w(o) = p*q(o) - b(o). Determine w(-1).
6
Suppose 4 = 2*h - 6. Suppose -5 = -5*j - h*y + 10, 2*j - 5*y = -1. Let t(d) = -d - 2 + j. What is t(1)?
-1
Let k = -10 + 14. Let w be 14/7 - (k - -1). Let r(o) = -o**2 - 5*o - 1. Determine r(w).
5
Let g(w) = -w**2 + w - 1. Let q(z) = 21*z**2 - 5*z + 6. Let f(m) = 6*g(m) + q(m). What is f(-1)?
14
Let q = -9 + 18. Let h = q + -11. Let b(o) = -2*o**3 - 4*o**2 - 3*o - 2. What is b(h)?
4
Let j(q) = q**3 + 2*q**2 - 4*q - 1. Let k be j(-3). Let d(z) = -z - 8 - z - 4*z + 0*z + z**k. Give d(6).
-8
Let y(n) = -n**3 + 3*n**2 + 6*n + 7. Let m = -35 + 40. G